{"id":358,"date":"2023-03-28T17:16:05","date_gmt":"2023-03-28T15:16:05","guid":{"rendered":"http:\/\/lames-experts.fr\/?page_id=358"},"modified":"2023-03-29T19:55:55","modified_gmt":"2023-03-29T17:55:55","slug":"grattoir","status":"publish","type":"page","link":"https:\/\/lames-experts.fr\/index.php\/grattoir\/","title":{"rendered":"Grattoir"},"content":{"rendered":"\n<div class=\"wp-block-columns is-layout-flex wp-container-core-columns-is-layout-9d6595d7 wp-block-columns-is-layout-flex\">\n<div class=\"wp-block-column is-layout-flow wp-block-column-is-layout-flow\" style=\"flex-basis:33.33%\"><div class=\"wp-block-image\">\n<figure class=\"aligncenter size-full\"><img loading=\"lazy\" decoding=\"async\" width=\"150\" height=\"105\" src=\"http:\/\/lames-experts.fr\/wp-content\/uploads\/2023\/03\/knife-11-2.gif\" alt=\"\" class=\"wp-image-403\"\/><\/figure>\n<\/div><\/div>\n\n\n\n<div class=\"wp-block-column is-layout-flow wp-block-column-is-layout-flow\" style=\"flex-basis:66.66%\">\n<p><strong><mark style=\"background-color:rgba(0, 0, 0, 0)\" class=\"has-inline-color has-luminous-vivid-orange-color\">GRATTOIR PLASTIQUE HT40<\/mark><\/strong><br>Plastique inject\u00e9<br>livr\u00e9 avec prot\u00e8ge lame<br>Utilise nos lames WBG 207 avec trou central.<\/p>\n<\/div>\n<\/div>\n\n\n\n<div class=\"wp-block-columns is-layout-flex wp-container-core-columns-is-layout-9d6595d7 wp-block-columns-is-layout-flex\">\n<div class=\"wp-block-column is-layout-flow wp-block-column-is-layout-flow\" style=\"flex-basis:33.33%\"><div class=\"wp-block-image\">\n<figure class=\"aligncenter size-full\"><img loading=\"lazy\" decoding=\"async\" width=\"150\" height=\"105\" src=\"http:\/\/lames-experts.fr\/wp-content\/uploads\/2023\/03\/knife-12-1.gif\" alt=\"\" class=\"wp-image-404\"\/><\/figure>\n<\/div><\/div>\n\n\n\n<div class=\"wp-block-column is-layout-flow wp-block-column-is-layout-flow\" style=\"flex-basis:66.66%\">\n<p><strong>GRATTOIR METAL HT41<\/strong><br>Lames r\u00e9tractable<br>Utilise nos lames WBG201 (simple tranchant, dos renforc\u00e9)<\/p>\n<\/div>\n<\/div>\n\n\n\n<div class=\"wp-block-columns is-layout-flex wp-container-core-columns-is-layout-9d6595d7 wp-block-columns-is-layout-flex\">\n<div class=\"wp-block-column is-layout-flow wp-block-column-is-layout-flow\" style=\"flex-basis:33.33%\"><div class=\"wp-block-image\">\n<figure class=\"aligncenter size-full\"><img loading=\"lazy\" decoding=\"async\" width=\"150\" height=\"105\" src=\"http:\/\/lames-experts.fr\/wp-content\/uploads\/2023\/03\/knife-14-2.gif\" alt=\"\" class=\"wp-image-405\"\/><\/figure>\n<\/div><\/div>\n\n\n\n<div class=\"wp-block-column is-layout-flow wp-block-column-is-layout-flow\" style=\"flex-basis:66.66%\">\n<p><mark style=\"background-color:rgba(0, 0, 0, 0)\" class=\"has-inline-color has-luminous-vivid-orange-color\"><strong>MINI GRATTOIR (HT42)<\/strong><\/mark><br>Plastique inject\u00e9<br>Utlise nos lames WBG201 (simple tranchant, dos renforc\u00e9)<\/p>\n<\/div>\n<\/div>\n","protected":false},"excerpt":{"rendered":"<p>GRATTOIR PLASTIQUE HT40Plastique inject\u00e9livr\u00e9 avec prot\u00e8ge lameUtilise nos lames WBG 207 avec trou central. GRATTOIR METAL HT41Lames r\u00e9tractableUtilise nos lames WBG201 (simple tranchant, dos renforc\u00e9) MINI GRATTOIR (HT42)Plastique inject\u00e9Utlise nos&hellip;<\/p>\n","protected":false},"author":2,"featured_media":359,"parent":0,"menu_order":0,"comment_status":"closed","ping_status":"closed","template":"","meta":{"footnotes":""},"class_list":["post-358","page","type-page","status-publish","has-post-thumbnail","hentry"],"_links":{"self":[{"href":"https:\/\/lames-experts.fr\/index.php\/wp-json\/wp\/v2\/pages\/358","targetHints":{"allow":["GET"]}}],"collection":[{"href":"https:\/\/lames-experts.fr\/index.php\/wp-json\/wp\/v2\/pages"}],"about":[{"href":"https:\/\/lames-experts.fr\/index.php\/wp-json\/wp\/v2\/types\/page"}],"author":[{"embeddable":true,"href":"https:\/\/lames-experts.fr\/index.php\/wp-json\/wp\/v2\/users\/2"}],"replies":[{"embeddable":true,"href":"https:\/\/lames-experts.fr\/index.php\/wp-json\/wp\/v2\/comments?post=358"}],"version-history":[{"count":4,"href":"https:\/\/lames-experts.fr\/index.php\/wp-json\/wp\/v2\/pages\/358\/revisions"}],"predecessor-version":[{"id":407,"href":"https:\/\/lames-experts.fr\/index.php\/wp-json\/wp\/v2\/pages\/358\/revisions\/407"}],"wp:featuredmedia":[{"embeddable":true,"href":"https:\/\/lames-experts.fr\/index.php\/wp-json\/wp\/v2\/media\/359"}],"wp:attachment":[{"href":"https:\/\/lames-experts.fr\/index.php\/wp-json\/wp\/v2\/media?parent=358"}],"curies":[{"name":"wp","href":"https:\/\/api.w.org\/{rel}","templated":true}]}}