{"id":354,"date":"2023-03-28T17:10:40","date_gmt":"2023-03-28T15:10:40","guid":{"rendered":"http:\/\/lames-experts.fr\/?page_id=354"},"modified":"2023-03-29T12:16:49","modified_gmt":"2023-03-29T10:16:49","slug":"couteau-de-securite","status":"publish","type":"page","link":"https:\/\/lames-experts.fr\/index.php\/couteau-de-securite\/","title":{"rendered":"Couteau de s\u00e9curit\u00e9"},"content":{"rendered":"\n<p><strong>La nouvelle gamme de couteaux de s\u00e9curit\u00e9<\/strong><\/p>\n\n\n\n<p>La s\u00e9curit\u00e9 est sans conteste un sujet primordial sur le lieu de travail, tout processus de coupe ayant son lot de risques d&#8217;accident encourus par le personnel, ou de dommages aux produits.<\/p>\n\n\n\n<p>Lames Experts a la solution.<\/p>\n\n\n\n<p>Notre gamme de couteaux r\u00e9tractables, ou avec protection int\u00e9gr\u00e9e permet les op\u00e9rations de d\u00e9coupe avec la plus grande s\u00e9curit\u00e9 et le minimum de risques.<\/p>\n\n\n\n<div class=\"wp-block-columns is-layout-flex wp-container-core-columns-is-layout-9d6595d7 wp-block-columns-is-layout-flex\">\n<div class=\"wp-block-column is-layout-flow wp-block-column-is-layout-flow\" style=\"flex-basis:33.33%\"><div class=\"wp-block-image\">\n<figure class=\"aligncenter size-full\"><img loading=\"lazy\" decoding=\"async\" width=\"150\" height=\"105\" src=\"http:\/\/lames-experts.fr\/wp-content\/uploads\/2023\/03\/securite-1-1.gif\" alt=\"\" class=\"wp-image-385\"\/><\/figure>\n<\/div><\/div>\n\n\n\n<div class=\"wp-block-column is-layout-flow wp-block-column-is-layout-flow\" style=\"flex-basis:66.66%\">\n<p class=\"has-luminous-vivid-orange-color has-text-color\" style=\"font-size:16px\"><strong>COUTEAU A R\u00c9TRACTION AUTOMATIQUE L\u00c9GER (HT6)<\/strong><\/p>\n\n\n\n<p style=\"font-size:15px\">Corps moul\u00e9, levier de sortie de lame sup\u00e9rieur, usage semi intensif.<br>Utilise nos lames WBG206 (semi intensif) ou WBG207 (usage intensif)<\/p>\n\n\n\n<p><\/p>\n<\/div>\n<\/div>\n\n\n\n<div class=\"wp-block-columns is-layout-flex wp-container-core-columns-is-layout-9d6595d7 wp-block-columns-is-layout-flex\">\n<div class=\"wp-block-column is-layout-flow wp-block-column-is-layout-flow\" style=\"flex-basis:33.33%\"><div class=\"wp-block-image\">\n<figure class=\"aligncenter size-full\"><img loading=\"lazy\" decoding=\"async\" width=\"150\" height=\"105\" src=\"http:\/\/lames-experts.fr\/wp-content\/uploads\/2023\/03\/knife-2a-1.gif\" alt=\"\" class=\"wp-image-388\"\/><\/figure>\n<\/div><\/div>\n\n\n\n<div class=\"wp-block-column is-layout-flow wp-block-column-is-layout-flow\" style=\"flex-basis:66.66%\">\n<p class=\"has-luminous-vivid-orange-color has-text-color\" style=\"font-size:16px\"><strong>COUTEAU A R\u00c9TRACTION AUTOMATIQUE <mark style=\"background-color:rgba(0, 0, 0, 0)\" class=\"has-inline-color has-black-color\">DROITIER<\/mark><\/strong><\/p>\n\n\n\n<p style=\"font-size:15px\">Corps moul\u00e9, m\u00e9canisme lat\u00e9ral, r\u00e9tractation par ressort..<br>Utilise nos lames WBG207 &#8211; 5 trous (usage intensif)<\/p>\n\n\n\n<p><\/p>\n<\/div>\n<\/div>\n\n\n\n<div class=\"wp-block-columns is-layout-flex wp-container-core-columns-is-layout-9d6595d7 wp-block-columns-is-layout-flex\">\n<div class=\"wp-block-column is-layout-flow wp-block-column-is-layout-flow\" style=\"flex-basis:33.33%\"><div class=\"wp-block-image\">\n<figure class=\"aligncenter size-full\"><img loading=\"lazy\" decoding=\"async\" width=\"150\" height=\"105\" src=\"http:\/\/lames-experts.fr\/wp-content\/uploads\/2023\/03\/knife-2b-1.gif\" alt=\"\" class=\"wp-image-389\"\/><\/figure>\n<\/div><\/div>\n\n\n\n<div class=\"wp-block-column is-layout-flow wp-block-column-is-layout-flow\" style=\"flex-basis:66.66%\">\n<p class=\"has-luminous-vivid-orange-color has-text-color\" style=\"font-size:16px\"><strong>COUTEAU A R\u00c9TRACTION AUTOMATIQUE <mark style=\"background-color:rgba(0, 0, 0, 0)\" class=\"has-inline-color has-black-color\">GAUCHER<\/mark><\/strong><\/p>\n\n\n\n<p style=\"font-size:15px\">Corps moul\u00e9, m\u00e9canisme lat\u00e9ral, r\u00e9tractation par ressort..<br>Utilise nos lames WBG207 &#8211; 5 trous (usage intensif)<\/p>\n\n\n\n<p><\/p>\n<\/div>\n<\/div>\n\n\n\n<div class=\"wp-block-columns is-layout-flex wp-container-core-columns-is-layout-9d6595d7 wp-block-columns-is-layout-flex\">\n<div class=\"wp-block-column is-layout-flow wp-block-column-is-layout-flow\" style=\"flex-basis:33.33%\"><div class=\"wp-block-image\">\n<figure class=\"aligncenter size-full\"><img loading=\"lazy\" decoding=\"async\" width=\"150\" height=\"105\" src=\"http:\/\/lames-experts.fr\/wp-content\/uploads\/2023\/03\/securite-4.gif\" alt=\"\" class=\"wp-image-391\"\/><\/figure>\n<\/div><\/div>\n\n\n\n<div class=\"wp-block-column is-layout-flow wp-block-column-is-layout-flow\" style=\"flex-basis:66.66%\">\n<p class=\"has-luminous-vivid-orange-color has-text-color\" style=\"font-size:16px\"><strong>COUTEAU A R\u00c9TRACTION AUTOMATIQUE INTENSIF (HT15)<\/strong><\/p>\n\n\n\n<p style=\"font-size:15px\">Corps moul\u00e9, levier de sortie de lame sup\u00e9rieur, usage <strong><mark style=\"background-color:rgba(0, 0, 0, 0)\" class=\"has-inline-color has-vivid-red-color\">intensif<\/mark><\/strong>.<br>Utilise nos lames WBG206 (semi intensif) ou WBG207 (usage intensif)<\/p>\n\n\n\n<p><\/p>\n<\/div>\n<\/div>\n\n\n\n<div class=\"wp-block-columns is-layout-flex wp-container-core-columns-is-layout-9d6595d7 wp-block-columns-is-layout-flex\">\n<div class=\"wp-block-column is-layout-flow wp-block-column-is-layout-flow\" style=\"flex-basis:33.33%\"><div class=\"wp-block-image\">\n<figure class=\"aligncenter size-full\"><img loading=\"lazy\" decoding=\"async\" width=\"150\" height=\"105\" src=\"http:\/\/lames-experts.fr\/wp-content\/uploads\/2023\/03\/securite-9.gif\" alt=\"\" class=\"wp-image-393\"\/><\/figure>\n<\/div><\/div>\n\n\n\n<div class=\"wp-block-column is-layout-flow wp-block-column-is-layout-flow\" style=\"flex-basis:66.66%\">\n<p class=\"has-luminous-vivid-orange-color has-text-color\" style=\"font-size:16px\"><strong>COUPE FILM POLYSAFE<\/strong><\/p>\n\n\n\n<p style=\"font-size:15px\">Coupe film en plastique moul\u00e9<br>lame rempla\u00e7able<br>utilise nos lames WBG203 &#8211; 2 fentes<\/p>\n\n\n\n<p> <\/p>\n<\/div>\n<\/div>\n\n\n\n<div class=\"wp-block-columns is-layout-flex wp-container-core-columns-is-layout-9d6595d7 wp-block-columns-is-layout-flex\">\n<div class=\"wp-block-column is-layout-flow wp-block-column-is-layout-flow\" style=\"flex-basis:33.33%\"><div class=\"wp-block-image\">\n<figure class=\"aligncenter size-full\"><img loading=\"lazy\" decoding=\"async\" width=\"150\" height=\"105\" src=\"http:\/\/lames-experts.fr\/wp-content\/uploads\/2023\/03\/securite-7.gif\" alt=\"\" class=\"wp-image-395\"\/><\/figure>\n<\/div><\/div>\n\n\n\n<div class=\"wp-block-column is-layout-flow wp-block-column-is-layout-flow\" style=\"flex-basis:66.66%\">\n<p class=\"has-luminous-vivid-orange-color has-text-color\" style=\"font-size:16px\"><strong>COUPE FILM <\/strong><mark style=\"background-color:rgba(0, 0, 0, 0)\" class=\"has-inline-color has-black-color\"><strong>POLYSAFE<\/strong> <strong>PLUS<\/strong><\/mark><\/p>\n\n\n\n<p style=\"font-size:15px\">Coupe film \u00e0 lame ench\u00e2ss\u00e9e et manche caoutchouc<br>lame rempla\u00e7able<br>utilise nos lames WBG202 &#8211; 3 trous &#8211; double tranchant<\/p>\n\n\n\n<p> <\/p>\n<\/div>\n<\/div>\n","protected":false},"excerpt":{"rendered":"<p>La nouvelle gamme de couteaux de s\u00e9curit\u00e9 La s\u00e9curit\u00e9 est sans conteste un sujet primordial sur le lieu de travail, tout processus de coupe ayant son lot de risques d&#8217;accident&hellip;<\/p>\n","protected":false},"author":2,"featured_media":352,"parent":0,"menu_order":0,"comment_status":"closed","ping_status":"closed","template":"","meta":{"_ti_tpc_template_sync":false,"_ti_tpc_template_id":"","footnotes":""},"class_list":["post-354","page","type-page","status-publish","has-post-thumbnail","hentry"],"_links":{"self":[{"href":"https:\/\/lames-experts.fr\/index.php\/wp-json\/wp\/v2\/pages\/354","targetHints":{"allow":["GET"]}}],"collection":[{"href":"https:\/\/lames-experts.fr\/index.php\/wp-json\/wp\/v2\/pages"}],"about":[{"href":"https:\/\/lames-experts.fr\/index.php\/wp-json\/wp\/v2\/types\/page"}],"author":[{"embeddable":true,"href":"https:\/\/lames-experts.fr\/index.php\/wp-json\/wp\/v2\/users\/2"}],"replies":[{"embeddable":true,"href":"https:\/\/lames-experts.fr\/index.php\/wp-json\/wp\/v2\/comments?post=354"}],"version-history":[{"count":8,"href":"https:\/\/lames-experts.fr\/index.php\/wp-json\/wp\/v2\/pages\/354\/revisions"}],"predecessor-version":[{"id":396,"href":"https:\/\/lames-experts.fr\/index.php\/wp-json\/wp\/v2\/pages\/354\/revisions\/396"}],"wp:featuredmedia":[{"embeddable":true,"href":"https:\/\/lames-experts.fr\/index.php\/wp-json\/wp\/v2\/media\/352"}],"wp:attachment":[{"href":"https:\/\/lames-experts.fr\/index.php\/wp-json\/wp\/v2\/media?parent=354"}],"curies":[{"name":"wp","href":"https:\/\/api.w.org\/{rel}","templated":true}]}}