{"id":350,"date":"2023-03-28T17:32:21","date_gmt":"2023-03-28T15:32:21","guid":{"rendered":"http:\/\/lames-experts.fr\/?page_id=350"},"modified":"2023-03-28T17:39:07","modified_gmt":"2023-03-28T15:39:07","slug":"cutters","status":"publish","type":"page","link":"https:\/\/lames-experts.fr\/index.php\/cutters\/","title":{"rendered":"Cutters et couteaux \u00e0 main"},"content":{"rendered":"\n<p>Notre gamme de cutters et de grattoirs la plus large en Europe<br>Ils combinent confort d&#8217;utilisation, efficacit\u00e9 aux prix les plus comp\u00e9titifs<br>depuis les cutters courants jusqu&#8217;aux applications industrielles sp\u00e9cifiques (moquette, cartons&#8230;) nous avons l&#8217;outil que vous cherchez<br><br>Vous choisirez les cutters \u00e0 r\u00e9traction automatique, \u00e0 verrouillage de lame, \u00e0 lame circulaire, couteaux pliables, lames s\u00e9cables, lames fixes ou scalpels. Des lames de rechange et des distributeurs de lames sont disponibles pour chaque outil de la gamme, et vous trouverez aussi les conteneurs d&#8217;\u00e9limination sans risque des lames usag\u00e9es.<\/p>\n\n\n\n<div class=\"wp-block-columns is-layout-flex wp-container-core-columns-is-layout-9d6595d7 wp-block-columns-is-layout-flex\">\n<div class=\"wp-block-column is-layout-flow wp-block-column-is-layout-flow\" style=\"flex-basis:33.33%\"><div class=\"wp-block-image\">\n<figure class=\"aligncenter size-full\"><a href=\"http:\/\/lames-experts.fr\/index.php\/couteau-de-securite\/\"><img loading=\"lazy\" decoding=\"async\" width=\"150\" height=\"105\" src=\"http:\/\/lames-experts.fr\/wp-content\/uploads\/2023\/03\/securite-1.gif\" alt=\"\" class=\"wp-image-352\"\/><\/a><\/figure>\n<\/div><\/div>\n\n\n\n<div class=\"wp-block-column is-layout-flow wp-block-column-is-layout-flow\" style=\"flex-basis:66.66%\">\n<p><a href=\"http:\/\/lames-experts.fr\/index.php\/couteau-de-securite\/\">COUTEAU DE SECURITE<\/a><br>Cutters r\u00e9tractables ou \u00e0 r\u00e9traction automatique<br><a href=\"http:\/\/lames-experts.fr\/index.php\/couteau-de-securite\/\">Cliquez ici pour plus de d\u00e9tails<\/a><\/p>\n<\/div>\n<\/div>\n\n\n\n<div class=\"wp-block-columns is-layout-flex wp-container-core-columns-is-layout-9d6595d7 wp-block-columns-is-layout-flex\">\n<div class=\"wp-block-column is-layout-flow wp-block-column-is-layout-flow\" style=\"flex-basis:33.33%\"><div class=\"wp-block-image\">\n<figure class=\"aligncenter size-full\"><a href=\"http:\/\/lames-experts.fr\/index.php\/ouvre-carton\/\"><img loading=\"lazy\" decoding=\"async\" width=\"150\" height=\"105\" src=\"http:\/\/lames-experts.fr\/wp-content\/uploads\/2023\/03\/knive-1-1.gif\" alt=\"\" class=\"wp-image-353\"\/><\/a><\/figure>\n<\/div><\/div>\n\n\n\n<div class=\"wp-block-column is-layout-flow wp-block-column-is-layout-flow\" style=\"flex-basis:66.66%\">\n<p><a href=\"http:\/\/lames-experts.fr\/index.php\/ouvre-carton\/\">OUVRE CARTON<\/a><br>Prot\u00e8ge le contenu des cartons \u00e0 l&#8217;ouverture<br><a href=\"http:\/\/lames-experts.fr\/index.php\/ouvre-carton\/\">Cliquez ici pour plus de d\u00e9tails<\/a><\/p>\n<\/div>\n<\/div>\n\n\n\n<div class=\"wp-block-columns is-layout-flex wp-container-core-columns-is-layout-9d6595d7 wp-block-columns-is-layout-flex\">\n<div class=\"wp-block-column is-layout-flow wp-block-column-is-layout-flow\" style=\"flex-basis:33.33%\"><div class=\"wp-block-image\">\n<figure class=\"aligncenter size-full\"><a href=\"http:\/\/lames-experts.fr\/index.php\/grattoir\/\"><img loading=\"lazy\" decoding=\"async\" width=\"150\" height=\"105\" src=\"http:\/\/lames-experts.fr\/wp-content\/uploads\/2023\/03\/knife-11-1.gif\" alt=\"\" class=\"wp-image-359\"\/><\/a><\/figure>\n<\/div><\/div>\n\n\n\n<div class=\"wp-block-column is-layout-flow wp-block-column-is-layout-flow\" style=\"flex-basis:66.66%\">\n<p><a href=\"http:\/\/lames-experts.fr\/index.php\/grattoir\/\">GRATTOIRS<\/a><br>Lames simple tranchant<br><a href=\"http:\/\/lames-experts.fr\/index.php\/grattoir\/\">Cliquez ici pour plus de d\u00e9tails<\/a><\/p>\n<\/div>\n<\/div>\n\n\n\n<div class=\"wp-block-columns is-layout-flex wp-container-core-columns-is-layout-9d6595d7 wp-block-columns-is-layout-flex\">\n<div class=\"wp-block-column is-layout-flow wp-block-column-is-layout-flow\" style=\"flex-basis:33.33%\"><div class=\"wp-block-image\">\n<figure class=\"aligncenter size-full\"><a href=\"http:\/\/lames-experts.fr\/index.php\/objets-publicitaires\/\"><img loading=\"lazy\" decoding=\"async\" width=\"150\" height=\"105\" src=\"http:\/\/lames-experts.fr\/wp-content\/uploads\/2023\/03\/knife-14-1.gif\" alt=\"\" class=\"wp-image-361\"\/><\/a><\/figure>\n<\/div><\/div>\n\n\n\n<div class=\"wp-block-column is-layout-flow wp-block-column-is-layout-flow\" style=\"flex-basis:66.66%\">\n<p><a href=\"http:\/\/lames-experts.fr\/index.php\/objets-publicitaires\/\">OBJETS PUBLICITAIRES OU PROMOTIONNELS<\/a><br>Faites imprimer votre logo<br><a href=\"http:\/\/lames-experts.fr\/index.php\/objets-publicitaires\/\">Cliquez ici pour plus de d\u00e9tails<\/a><\/p>\n<\/div>\n<\/div>\n\n\n\n<div class=\"wp-block-columns is-layout-flex wp-container-core-columns-is-layout-9d6595d7 wp-block-columns-is-layout-flex\">\n<div class=\"wp-block-column is-layout-flow wp-block-column-is-layout-flow\" style=\"flex-basis:33.33%\"><div class=\"wp-block-image\">\n<figure class=\"aligncenter size-full is-resized\"><img loading=\"lazy\" decoding=\"async\" src=\"http:\/\/lames-experts.fr\/wp-content\/uploads\/2023\/03\/poultry-processing-blades.gif\" alt=\"\" class=\"wp-image-366\" width=\"155\" height=\"78\"\/><\/figure>\n<\/div><\/div>\n\n\n\n<div class=\"wp-block-column is-layout-flow wp-block-column-is-layout-flow\" style=\"flex-basis:66.66%\">\n<p><a href=\"http:\/\/lames-experts.fr\/index.php\/lames\/\">LAMES DE RECHANGE<\/a><br>LE FIL DU RASOIR! aff\u00fbtages pr\u00e9cis et dur\u00e9e de vie allong\u00e9e<br><a href=\"http:\/\/lames-experts.fr\/index.php\/lames\/\">Cliquez ici pour plus de d\u00e9tails<\/a><\/p>\n<\/div>\n<\/div>\n","protected":false},"excerpt":{"rendered":"<p>Notre gamme de cutters et de grattoirs la plus large en EuropeIls combinent confort d&#8217;utilisation, efficacit\u00e9 aux prix les plus comp\u00e9titifsdepuis les cutters courants jusqu&#8217;aux applications industrielles sp\u00e9cifiques (moquette, cartons&#8230;)&hellip;<\/p>\n","protected":false},"author":2,"featured_media":0,"parent":0,"menu_order":0,"comment_status":"closed","ping_status":"closed","template":"","meta":{"_ti_tpc_template_sync":false,"_ti_tpc_template_id":"","footnotes":""},"class_list":["post-350","page","type-page","status-publish","hentry"],"_links":{"self":[{"href":"https:\/\/lames-experts.fr\/index.php\/wp-json\/wp\/v2\/pages\/350","targetHints":{"allow":["GET"]}}],"collection":[{"href":"https:\/\/lames-experts.fr\/index.php\/wp-json\/wp\/v2\/pages"}],"about":[{"href":"https:\/\/lames-experts.fr\/index.php\/wp-json\/wp\/v2\/types\/page"}],"author":[{"embeddable":true,"href":"https:\/\/lames-experts.fr\/index.php\/wp-json\/wp\/v2\/users\/2"}],"replies":[{"embeddable":true,"href":"https:\/\/lames-experts.fr\/index.php\/wp-json\/wp\/v2\/comments?post=350"}],"version-history":[{"count":4,"href":"https:\/\/lames-experts.fr\/index.php\/wp-json\/wp\/v2\/pages\/350\/revisions"}],"predecessor-version":[{"id":371,"href":"https:\/\/lames-experts.fr\/index.php\/wp-json\/wp\/v2\/pages\/350\/revisions\/371"}],"wp:attachment":[{"href":"https:\/\/lames-experts.fr\/index.php\/wp-json\/wp\/v2\/media?parent=350"}],"curies":[{"name":"wp","href":"https:\/\/api.w.org\/{rel}","templated":true}]}}